12*w = 9*w. Suppose w = l + 2, l = s + 3*l - 127. What is the hundreds digit of s?
1
Let w = 1386 - 864. Suppose -9*u - 2*i + w = -6*u, -i - 531 = -3*u. What is the hundreds digit of u?
1
Suppose -249*p + 4521 = -238*p. What is the units digit of p?
1
Let b be (-12)/(-9) + (-392)/6. Let q be 8/b - 1/(-8). Suppose p - 3*t = -p + 32, q = 4*t + 8. What is the tens digit of p?
1
Let g(u) = 191*u**2 - 3*u - 2. Let a be g(-1). Suppose 64 = t + q, -3*t + 0*q + 4*q + a = 0. What is the units digit of t?
4
Let i be ((-44)/20 + 3)/(2/85). Let o = i + 175. What is the units digit of o?
9
Let k(w) = -43*w - 168. What is the hundreds digit of k(-17)?
5
What is the tens digit of (-5 + -1)/(9/(-3462))?
0
Suppose 3*x - 32 = 3*n + 2*n, -4*x + 10 = -2*n. Let l = -4 - n. Suppose q + 39 = 4*q - l*f, 5*f + 5 = -q. What is the tens digit of q?
1
Suppose 4*t = -11*j + 10*j + 19229, -3*t + j = -14427. What is the tens digit of t?
0
Let m(s) be the second derivative of -1/20*s**5 + 0 - 7/2*s**2 - 1/6*s**3 + 7/12*s**4 - 4*s. What is the units digit of m(5)?
8
Suppose -4*x + 141 = 3*v, -2*x = -3*v - 43 - 14. Suppose 0 = 2*c + t - 87, -x = -c + 2*t + 13. What is the units digit of c?
4
Let r = -11 - -17. Suppose 5*l + r = 3*g, -2*l - 6 = -4*g + 2. Suppose 0*y - 3*y + m + 113 = l, 5*m = -2*y + 47. What is the tens digit of y?
3
Suppose -58*l = -55*l - 2163. What is the tens digit of l?
2
Let j be ((1 - 3) + 140)/2. Suppose j = 2*y + y. Let p = 42 - y. What is the tens digit of p?
1
Let h(f) = 5*f + 1. Suppose -4*o = -2*x - 10, -3 = 3*x - 3*o + o. Let t be h(x). Suppose g = 6 + t. What is the units digit of g?
2
Let r be (-2)/(0 + -2) - 0. Let u be (35/15)/(r/6). What is the units digit of -2 - (-3 + (-3 - u))?
8
Let l = 2010 - 1102. What is the tens digit of l?
0
Let j(o) = -1. Let t(b) = -b**3 - b**2 - 3*b + 7. Suppose -2 = -2*i - 0. Let r(w) = i*t(w) + 6*j(w). What is the tens digit of r(-3)?
2
Let h = -1250 - -1997. What is the hundreds digit of h?
7
Let t = 2170 - 364. What is the tens digit of t?
0
What is the units digit of (-9)/6*(1 + 3 - 498)?
1
Let u(r) = -6*r**3 + r - 2. Let y be u(2). Let s = 3 - y. What is the units digit of (-2 - -1)*s/(-3)?
7
Let c be 6/(-14) - (-186)/42. Suppose -d + 67 = -3*g, 206 + 73 = c*d - g. What is the tens digit of d?
7
Let u(v) = -v**2 + 6*v**2 - 4*v + v**3 - v + 7. Let m be u(-6). Let f = 8 - m. What is the units digit of f?
7
What is the units digit of 11008/(8 + 0) - (-2 - -2)?
6
Let t = 30 + -18. Let b be (-3 + 3)/(-1 - 1). Let l = b + t. What is the units digit of l?
2
Suppose -6*k - 140 = -11*k. Suppose 100 = v - 4*i, -3*v + k + 192 = 4*i. What is the tens digit of v?
8
Let g(z) = -2*z**2 + 5*z - 2. Let j be g(3). Let s(b) = -9 + b - 2*b - 2 - 4*b. What is the tens digit of s(j)?
1
Suppose 0 = 65*j - 71*j + 6. What is the units digit of (j/1)/(14/350)?
5
Let v be (15/(-6) - -3)*4. Suppose -g + v + 26 = 0. What is the units digit of g?
8
Let q(x) = -x**2 - 5*x - 1. Let v be q(-4). Let u be 67/v - 20/(-30). Suppose 4*j - 135 = -u. What is the units digit of j?
8
Let a(r) = -218*r - 30. What is the units digit of a(-4)?
2
Suppose -8*g = -j - 5*g + 2742, 4*j - 11012 = g. Suppose 6*o = 5*o + j. What is the tens digit of (-4)/(-6)*o/36?
5
Suppose 3*x - i - 190 = x, 5*x = -3*i + 497. Let n = x + -21. Suppose n = -m + 3*m + 4*u, -u - 53 = -m. What is the units digit of m?
8
Let y be 16/72 + (-274)/18. Let c = y - -23. Suppose -c*s + 3*s = -150. What is the tens digit of s?
3
Let g(h) be the first derivative of -h**2 - 2*h + 4. Let r(x) = -x**2 + 9*x - 6. Let f be r(9). What is the units digit of g(f)?
0
Let z(m) be the first derivative of m**3/3 - 4*m**2 - 6*m + 10. Let q be z(9). Suppose 0 = q*w + 3*i - 153, 5*w - i - i - 269 = 0. What is the tens digit of w?
5
Let m = 106 + -106. Suppose m = -6*l + 721 + 533. What is the tens digit of l?
0
Suppose 5*n + 3*g - 22 = 0, 3*n + g - 14 = -0*n. Suppose 6*q - 5*c - 70 = q, -70 = -n*q - 5*c. What is the units digit of q?
4
Suppose 4*m = 4*x - 1376, m + 691 = 2*x - 0*m. What is the hundreds digit of x?
3
Let r = 2 - -38. Suppose -2*w + 428 = r. What is the hundreds digit of w?
1
Let w = -435 - -2663. What is the units digit of w?
8
Let b = -7 + 13. Let x(z) = z**3 - 5*z**2 - 5*z - 3. Let t be x(b). What is the units digit of (t - -6)*(-2)/(-6)?
3
Let u(b) = -10*b + 27. Let k be u(3). What is the units digit of (-549)/(-12) + (-5)/((-20)/k)?
5
Let b(n) = 33*n - 3. Let w(m) = -50*m + 4. Let p(c) = -8*b(c) - 5*w(c). What is the tens digit of p(-1)?
1
Let m(w) = w**2 - w - 9. Let k be m(4). Suppose 3*g + 4*f - k*f = 6, f - 3 = 0. What is the tens digit of ((-24)/9)/(g/(-21))?
5
Let i = 882 - 586. Suppose i = -17*t + 19*t. What is the tens digit of t?
4
Let b(k) be the third derivative of k**5/60 + k**4/6 + 7*k**3/6 + k**2. What is the units digit of b(-4)?
7
Let j(g) = 3*g + 4. Let b be j(0). Let x = 9 + -7. Suppose -x*f + b = -f. What is the units digit of f?
4
Suppose -2 = -4*p - 8*u + 3*u, 0 = 4*p - 4*u - 20. Suppose y = -p*z + 102, -110 = -y - 5*z - 0*z. What is the tens digit of y?
9
Let j = 8 + 8. Suppose 0*p = -p + s + 54, -j = -4*s. Let v = p - 29. What is the units digit of v?
9
Let h(s) = -14*s**2 + 5*s - 20. Let x(k) = 5*k**2 - 2*k + 7. Let y(b) = 6*h(b) + 17*x(b). Let u be y(4). What is the units digit of 1 + (u - (-1 - 1))?
2
Let d = -174 - -1724. What is the tens digit of d?
5
Let c = 966 - -1627. What is the thousands digit of c?
2
Suppose 6002 = -10*y + 41762. What is the units digit of y?
6
Suppose -4*l = -3*u + 21, -35 = -2*u - 3*u + 2*l. Suppose u = -5*h + 32. What is the units digit of h?
5
Let c(z) = 20*z**2 - 4. Let a be c(2). Suppose -m - w = 16, -3*m - w - a = -5*w. What is the tens digit of 1040/14 - m/(-70)?
7
Let v = -328 - -231. Let m = 171 + v. What is the units digit of m?
4
Let x = 128 + -56. Let f = x - 45. What is the units digit of f?
7
Suppose -3*y - 3 = 4*b + 7, -2*b + 4*y - 16 = 0. Let p be b/22 + (-42)/11. Let k(a) = a**2 - 2*a - 6. What is the tens digit of k(p)?
1
Suppose 16*b - 2564 + 948 = 0. What is the tens digit of b?
0
Suppose 0*r + 900 = 3*r - 3*x, -r + 284 = -5*x. What is the tens digit of r?
0
Suppose -5007 = -15*u + 20838. What is the units digit of u?
3
Let f = 57 - 13. What is the tens digit of f?
4
Let h = 1033 - 475. What is the hundreds digit of h?
5
Let d = -4040 - -9182. What is the hundreds digit of d?
1
Suppose 2820 = 2*v + v. Suppose 0 = -8*b + 68 + v. What is the tens digit of b?
2
Let n = 28 - 26. Suppose -2*l - 4*s = n*l - 236, 276 = 4*l - 4*s. What is the units digit of l?
4
Suppose 0*w = 5*w + 75. What is the hundreds digit of 7/(70/w) - (-966)/4?
2
Let n(z) be the third derivative of -z**5/60 - 19*z**4/24 - z**3 + 4*z**2. What is the units digit of n(-16)?
2
What is the hundreds digit of 60/(-12) - (3 - 1502/1)?
4
Suppose 4*v - 1 = 3*u - v, 4*u + 5*v = -13. What is the units digit of 2 + u*(7/2 - 3)?
1
Let z = -23 + 26. Suppose m - 122 = -m - 4*b, 0 = -m - z*b + 57. What is the tens digit of m?
6
Suppose 3 - 51 = 8*r. What is the units digit of ((-152)/(-6))/(2 - (-10)/r)?
6
Let j = -13 + 4. Let z(a) = -a**2 - 11*a + 12. What is the tens digit of z(j)?
3
What is the tens digit of 10 - (-407)/(-22)*-198?
7
Let c(f) = f**2 - 2*f + 1. Let w(y) = y**2 - 3*y. Let d(s) = -5*c(s) + 6*w(s). Let v = -14 + 23. What is the units digit of d(v)?
4
Suppose -2*o + 3*a - a + 1182 = 0, 2*a - 594 = -o. What is the hundreds digit of o?
5
Let k = -88 - -92. Suppose -4*y - 2*w = -w - 812, -k*w + 420 = 2*y. What is the hundreds digit of y?
2
Let g be ((-57)/38)/(6/(-24)). Let y = -1 + 3. Suppose 2*s + 16 = g, 4*s = -y*c + 76. What is the units digit of c?
8
Suppose 2*o - m = 1346, 3*m = 4*o - 0*m - 2688. What is the hundreds digit of o?
6
Let n be 3/1*(-6)/(-9). Suppose n*b - 3*r - 184 = -0*b, -5*r - 465 = -5*b. What is the tens digit of b?
9
Let d be -88 - (-3)/(-2)*2. Let g = d - -252. What is the tens digit of g?
6
Suppose 0 = 51*u - 27*u - 70776. What is the units digit of u?
9
Let o(n) = n**2 + 9*n + 35. Let k be o(-24). Let w = 625 - k. What is the units digit of w?
0
Let p(y) = y**3 + 9*y**2 + 8*y + 2. Let w be p(-8). Let d(x) = -x**3 + 13*x**2 - 10. Let j be d(13). What is the tens digit of 5*w*(-11)/j?
1
Suppose -7*r = -4*r. Suppose r = -